ime factors of v?
5
Let f(l) = l + 7. What are the prime factors of f(12)?
19
Suppose 2*b + b - x - 23 = 0, -5*x = -5*b + 55. Let k(p) = p - 4. List the prime factors of k(b).
2
Let r(v) = v + 14. Let w be r(-7). Let n(q) = -q**3 + 7*q**2 + q + 4. List the prime factors of n(w).
11
Suppose -5 + 1 = -4*d. Let k(i) = 40*i**2 + 1. List the prime factors of k(d).
41
Suppose -2*w + 5 = 4*j - 189, w - 97 = -j. List the prime factors of w.
97
Suppose -7*g + g + 684 = 0. What are the prime factors of g?
2, 3, 19
Let f(r) = r + 5. Let x be f(-7). Let v be x + (-12)/(-2) + -1. Let a(u) = 3*u - 2. What are the prime factors of a(v)?
7
Let g be (-2)/5 + (-78)/5. Let b(t) = t**3 - 7*t**2 - 8*t + 2. Let f be b(8). What are the prime factors of (56/g)/((-1)/f)?
7
Suppose -7*u - 77 = -1134. What are the prime factors of u?
151
Suppose 0*k + 3*k = 222. What are the prime factors of k?
2, 37
Suppose -3*h - 4*z - 32 = 0, -h - z + 1 = 10. List the prime factors of (-6)/4*h/3.
2
Suppose -5*d = -0*d - 165. Let b be 18 - (0 - (-1 - 0)). Let z = d - b. What are the prime factors of z?
2
List the prime factors of 1964/14 - (4 - 156/42).
2, 5, 7
What are the prime factors of (4 - -186 - -4) + 3?
197
Suppose 0 = -6*j + j + w - 48, 2*w = 3*j + 33. Let r be 1 - -16 - 2*1. Let f = r + j. List the prime factors of f.
2, 3
Let y = -69 - -142. List the prime factors of y.
73
Suppose 0*x - 5 = x, 5 = -5*r - 2*x. Let c(n) = 8*n. What are the prime factors of c(r)?
2
List the prime factors of 20/(-30) - (-74)/3.
2, 3
Let w(x) = 6*x**2 + 2*x + 2. Suppose 3*n - 19 = 5*g, 3*n + 1 = -5*g - 0. List the prime factors of w(g).
2, 11
Let y(s) = 7*s**3 + 4*s**2 - s - 5. List the prime factors of y(3).
7, 31
Let g = -5 + 9. Suppose 2*n - 3*q - 55 = 0, 0*n + 5*n + g*q = 149. List the prime factors of n.
29
Let r(j) be the first derivative of -3*j**2 - 5*j + 7. List the prime factors of r(-5).
5
Suppose -h + 2*o = 5*o - 107, -h = -3*o - 95. What are the prime factors of h?
101
Let z(b) = b**3 + b**2 - b + 5. Let d be z(0). Suppose 46 = d*f + 16. List the prime factors of f.
2, 3
Let d be (3/(-6))/((-2)/(-16)). Let x = d - -6. Suppose -x*t - 3*t = -4*a - 49, 5*t + 4*a = 41. What are the prime factors of t?
3
Let z = -153 + 261. List the prime factors of z.
2, 3
Let n = -80 - -42. Let b be ((-23)/3)/(1/3). Let d = b - n. List the prime factors of d.
3, 5
Let c(n) = -3*n**3 - n**2 - n + 2. Let g be c(-2). Let p = g - 14. What are the prime factors of p?
2, 5
Let w = -160 + 199. List the prime factors of w.
3, 13
Let h(l) = 2*l**2 - 6*l + 6. What are the prime factors of h(5)?
2, 13
Let t(b) = b**2 + b + 13. Let l be t(-12). Let m = -87 + l. What are the prime factors of m?
2, 29
Let k be ((-13)/3 - 1)*12. Let f be k/(-12) - (-1)/(-3). Let d(u) = -u**2 + 7*u - 3. List the prime factors of d(f).
7
Let a(q) = -q**3 - q**2 + q - 3. Suppose -5*u - 1 = j + 10, -4*j = 2*u - 10. List the prime factors of a(u).
2, 3
Let u = 35 - 5. What are the prime factors of u?
2, 3, 5
List the prime factors of 14/8*(-1040)/(-20).
7, 13
Suppose -2*g - 47 = -4*g + 5*m, 0 = -2*g + 2*m + 50. List the prime factors of g.
2, 13
Let c(x) = x**2 - 7*x + 8. Let r be c(6). Suppose -r*o + s + 2*s = -7, s + 9 = 4*o. List the prime factors of o.
2
Let i(p) = 3*p + 2. What are the prime factors of i(7)?
23
Let g = -1 - -7. Suppose g*u - 2*u = 116. What are the prime factors of u?
29
Suppose -2*p - 18 = -2*v + 12, 5*v - 48 = -4*p. Suppose -4*w - 4*b = -32, 0 = -4*b + v. Let q = 3 + w. List the prime factors of q.
2
Let x(j) = -3*j**2 - 25*j - 8. Let q(f) = f**2 + 12*f + 4. Let w(r) = 5*q(r) + 2*x(r). Let s be (3/2)/(3/20). List the prime factors of w(s).
2
Let x(m) = -m + 3. Let p be x(1). Let r(k) = 2*k**3 - 4*k**2 + 3*k - 1. What are the prime factors of r(p)?
5
Let j(v) = v - 5. What are the prime factors of j(19)?
2, 7
Let y = -15 - -19. Suppose -91 = -11*q + y*q. What are the prime factors of q?
13
Let c(g) = -1 - 2 + 5 - 3*g**3 + 2*g**3 - g**2. What are the prime factors of c(-2)?
2, 3
What are the prime factors of ((-1)/3)/(27/(-729))?
3
Suppose -308 = -8*d + 44. List the prime factors of d.
2, 11
Let p(a) = a**2 + 12*a + 31. What are the prime factors of p(-15)?
2, 19
Let a(h) = 9*h. Let u be a(1). Let d(i) = -i**2 + 11*i + 10. Let z be d(u). Suppose z = c + 3*c. What are the prime factors of c?
7
Let f = 10 + -3. List the prime factors of f.
7
Let p be 1*(-4)/((-4)/3). Suppose -b - 5*c - 4 = 0, -16 = p*c - 1. Suppose -3 = 3*t, -t - 4 = 2*n - b. List the prime factors of n.
3
Let w = 23 - 5. List the prime factors of w.
2, 3
Let l(u) = u**3 - 16*u**2 + 19*u - 18. Let w be l(15). Suppose -w = -4*f - 5*m - 3, 0 = f + 3*m - 8. List the prime factors of f.
11
Suppose 3*c - 3*o = 27, -2*c + 0*c + 3*o + 19 = 0. Suppose -c*g + 3*g = -20. List the prime factors of g.
2
Let r be 5/(-15)*(-27 - 0). Let o = r - 4. Let k = o - -3. What are the prime factors of k?
2
Let q = 5 - 8. Let m(t) = -t**2 - 8*t - 3. List the prime factors of m(q).
2, 3
List the prime factors of 1/((-1086)/(-270) - 4).
3, 5
Suppose 413 = 3*y - 565. What are the prime factors of y?
2, 163
Let l be (-1 - 1) + (-4 - -4). What are the prime factors of 11/(l/(0 - 2))?
11
Let j(c) = 19*c**2 + c + 1. List the prime factors of j(1).
3, 7
Let w be ((-12)/(-8))/((-1)/6). Let y(t) = t**2 + 7*t - 8. List the prime factors of y(w).
2, 5
Suppose 0 = 7*h - 2*h - 60. Suppose 3*c = -4*g + 39, -5*c = -c + h. What are the prime factors of g?
2, 3
Suppose -q + 93 = 2*q. What are the prime factors of q?
31
Let p = 10 - 6. Let m(y) = 3*y**2 - 2*y - 1. Let c be m(p). Suppose -c = 3*u - 6*u. What are the prime factors of u?
13
Suppose -k = 8 - 64. What are the prime factors of k?
2, 7
Let m = -115 - -173. What are the prime factors of m?
2, 29
Let j(w) = -w**3 + 6*w**2 - 3*w + 6. Let i be j(4). Let g = -13 + i. Let k = g + -2. List the prime factors of k.
11
Let i be 0 - -4 - (-14 + -6). Let k = 15 + i. List the prime factors of k.
3, 13
Let z(l) = -78*l - 34. What are the prime factors of z(-5)?
2, 89
Let g(j) = j**3 - 5*j**2 - 13*j - 1. List the prime factors of g(7).
2, 3
Suppose 5*n - 2 = 18. Suppose 5*x = 1 + n. List the prime factors of (x/3)/(3/36).
2
Let d = 1 - 44. Suppose -3*i + 62 = -5*i. Let l = i - d. What are the prime factors of l?
2, 3
Let x = 16 + -15. List the prime factors of -18*x/(-3)*4.
2, 3
Let h(i) be the third derivative of i**6/120 + i**5/12 - i**4/3 - 2*i**3/3 + i**2. What are the prime factors of h(-6)?
2
Suppose 2*i - 5 = 1. Suppose 8*f - 15 = i*f. What are the prime factors of f?
3
Suppose 8 = -2*p + 12. List the prime factors of 1 - (36/(-3) - p).
3, 5
Suppose -2*q = -11 - 1. Let i be 1820/30 - 4/q. Suppose 5*t - 19 = -4*y + i, -t - 3*y = -18. List the prime factors of t.
3, 5
Suppose 0 = 3*t + 3*j - j - 133, j + 118 = 3*t. List the prime factors of t.
41
Suppose -5*b = -28 - 2. Let o(g) = g**3 - 7*g**2 + 6*g + 3. Let s be o(b). Suppose 2 - 1 = p - s*c, 3*c = 5*p - 17. What are the prime factors of p?
2
Let u(r) be the third derivative of r**6/120 - r**5/12 - r**4/6 - 4*r**3/3 - 3*r**2. Let a be u(6). Let p = -1 + a. What are the prime factors of p?
3
Let w be -1*(-18 - (-3 - -2)). Let u = w - 9. What are the prime factors of ((-28)/u)/(1/(-2))?
7
Let y = 44 + -6. List the prime factors of y.
2, 19
Let j(y) = -y**2 + 7*y - 7. Let v be j(5). Suppose -t - 6 = -v*t. Suppose -t*m - q + 31 = 0, 4*q + 82 = 5*m + 2. List the prime factors of m.
2, 3
Let v(x) = 7*x - 20. What are the prime factors of v(7)?
29
Let j be 3*3/9 + -7. Let v = j + 22. List the prime factors of v.
2
Suppose 2*r + 0 - 8 = 0. Let u(s) = 3 - r - 17*s + 4 - 4. What are the prime factors of u(-1)?
2
Suppose 4 = -k + 9. What are the prime factors of k?
5
Let s(c) = -c**3 + 6*c + 6. List the prime factors of s(-3).
3, 5
Let h(b) = b**3 + 4*b**2 + 4. What are the prime factors of h(3)?
67
Let s = 19 - 13. List the prime factors of s.
2, 3
Let l be 9/2*(-28)/(-21). List the prime factors of (-968)/(-66) - 4/l.
2, 7
Suppose 5*u = 4*p + 13, -p = -0*u - 2*u + 7. Let s = -1 + p. List the prime factors of s.
2
Let g(a) = -4*a - 1. Let d be g(-3). Let z(o) = -o**2 + 3*o + 2. Let k be z(5). Let u = d + k. What are the prime factors of u?
3
Let z be 6/21 - 1216/(-7). List the prime factors of z/2